(1152/352)/(6/(-33)). Suppose 34 = 4*t - 30. What is the greatest common factor of d and t?
4
Let d = 5403 + -5343. What is the highest common divisor of d and 132?
12
Let k = 90 - 32. Suppose 130*d - 16601 - 49304 - 43425 = 0. Calculate the greatest common factor of k and d.
29
Let l be (6/24)/(10/5840). Calculate the greatest common divisor of l and 36646.
146
Let a = -2015 + 2995. What is the highest common factor of a and 560?
140
Let p(r) = r**3 - 17*r**2 - 60*r + 89. Let b be p(20). Calculate the highest common divisor of b and 6319.
89
Let u = 137 - 137. Suppose u = 3*z + 3, 0*z - 2*z = -t + 137. Let k = 144 - t. What is the highest common divisor of k and 3?
3
Let v(q) = 6*q - 12. Let n = 34 + -28. Suppose 0*b - 2*b + n = 0. Let k be v(b). What is the highest common factor of 15 and k?
3
Suppose -2*h + 6 + 4 = -b, -h = -2*b - 5. Suppose 907 = 5*q + j - b*j, -5*j = -2*q + 379. What is the highest common divisor of q and 56?
14
Let w be 8/(-8) + 571 + (-171)/9 + 10. Let u = 92 + -41. What is the highest common factor of u and w?
51
Let o = -27002 + 27018. Calculate the greatest common divisor of o and 13776.
16
Suppose 4*v = 6*v - 54. Let m = v - -11. What is the highest common factor of m and 418?
38
Suppose -4*h + 9116 = 2*m, m + 24*h = 25*h + 4579. Calculate the highest common factor of m and 36.
36
Suppose -2*s + 5*g + 22 = -5*s, -3*g - 14 = s. Let a be -4 - (-2 - 0/(-3)). Let h be 2 - ((0 - -3) + a). What is the highest common factor of s and h?
1
Let g = -2780 + 2798. Suppose f - 3 = -2*f + i, -i = -3. Calculate the highest common divisor of g and f.
2
Let g(k) = k**2 + 61*k - 3371. Let r be g(57). Calculate the highest common divisor of r and 5.
5
Let b(n) = n**2 + 111*n + 538. Let r be b(-5). Calculate the highest common factor of 39448 and r.
8
Let b(i) = i**2 - 61*i - 156. Let w be b(64). Calculate the highest common factor of 64 and w.
4
Let c be (-2)/(((-6)/9)/(-2)). Let g be c/8*(-720)/108. Calculate the highest common divisor of g and 10.
5
Suppose -7*m - 242 + 746 = 0. Let b be (1/(6/2))/(12/288). Calculate the highest common factor of m and b.
8
Let s(b) = 2*b + 4. Let d be s(5). Let l be 206/d + 2/7. Let c = 175772 - 175607. What is the greatest common factor of c and l?
15
Let s be (-67 + 71)/(2/(-8)). Let q(h) = 8*h + 12*h**2 - 22 + 3*h**2 - 26*h + h**3. Let o be q(s). Calculate the greatest common divisor of 170 and o.
10
Suppose 3*g + 5*y = 13294, -8865 = -2*g - 3*y + 2*y. Calculate the greatest common divisor of g and 117.
13
Let r = 16624 - 15895. Calculate the highest common divisor of 4779 and r.
81
Let t be -18 + 193362/65 - (-6)/5. What is the highest common factor of t and 203?
29
Let u be (5 - (-1030)/(-50))/(((-24)/(-25))/(-12)). Let q = 137 + -77. Calculate the highest common factor of u and q.
15
Let i = 157 - 119. Let d = 18 + -2. Let w = d + i. What is the greatest common divisor of w and 18?
18
Let h be (-24)/42 - (-8)/14. Let v be (-9)/(-36)*(h - -4). Calculate the highest common divisor of v and 5.
1
Suppose -245517 = 35412*x - 35430*x + 70995. What is the highest common divisor of 32 and x?
16
Let p = 122 - 62. Let t be ((-760)/p)/(0 + 4/(-6)). Calculate the highest common divisor of t and 57.
19
Let o = -137 - -137. Suppose 0 = -6*d - o*d + 18. Calculate the highest common divisor of 3 and d.
3
Let w(i) = i**3 - i**2 + 11*i - 216. Let c be w(0). Let j = c - -270. Let k be 10 + (0 - 1) - 3. Calculate the greatest common factor of k and j.
6
Let i be (4/(-10))/(2/(-170)). Let a = -74 + 116. Let o be (-8)/(-6) + 2800/a. Calculate the highest common divisor of o and i.
34
Suppose -2*d + 1 = x - 0, x - 3*d = 16. Let h be (-1 - (7 - x))/((-1)/80). Calculate the highest common divisor of 60 and h.
20
Let n = -203 + 166. Let j = n - -95. Calculate the greatest common divisor of j and 290.
58
Let c(b) = 4*b + 60. Let g be c(-14). Suppose 2*a = -g*i + 32, -6*a + 5*i + 110 = -a. What is the highest common divisor of 4 and a?
4
Let i(d) = 3*d**2 - 49*d + 281. Let k be i(10). Calculate the greatest common divisor of 602 and k.
7
Let f(b) be the first derivative of 3*b**3 - 11*b**2/2 + 50*b - 150. Let t be f(5). Calculate the highest common factor of 40 and t.
20
Let b(p) = -6*p**2 - 3*p - 8. Let n(o) = -5*o**2 - 3*o - 9. Let u(c) = 3*b(c) - 4*n(c). Let m be u(-5). What is the greatest common divisor of 376 and m?
47
Let a = -4530 + 4906. Suppose -393 = 4*l - 29. Let d be (l + -3)*(-1)/2. What is the highest common factor of a and d?
47
Let j(i) = -7*i**2 - i**2 + 8 - 12*i + 7*i**2. Let t be j(-6). Suppose -979 = -77*b + 2409. Calculate the greatest common divisor of t and b.
44
Let l be (-72)/(-96) - 43/4. Let x be (24/(-20))/(l/(-25)) + 59. Calculate the highest common factor of x and 84.
28
Let s(x) = 191*x**2 - 227*x**2 + 10 - 8*x**3 - 99*x + 7*x**3. Let r be s(-33). What is the greatest common divisor of r and 40?
10
Suppose 0*m = s + 2*m - 27, s = -3*m + 32. Suppose 0 = -3*q - 3*b - 72, 4*q + 27 = 5*b - 33. Let a = q + 139. What is the greatest common divisor of s and a?
17
Suppose 0 = -23*x + 13*x + 150. Let y(j) = 2*j**2 - 26*j - 50. Let b be y(x). Let v be (4/(-6))/((-3)/18). Calculate the greatest common factor of v and b.
2
Let j = 1413 + -808. Calculate the greatest common divisor of 1089 and j.
121
Suppose -7*t - 576 - 467 = -385. Suppose b = -3*v - 76, 0 = -b - 5*v - 24 - 58. Let p = b - t. Calculate the greatest common divisor of 135 and p.
27
Let k(b) = 93*b**2 + 327*b - 2245. Let l be k(7). Calculate the highest common divisor of 321 and l.
107
Let v = 3447 - 1719. Calculate the greatest common factor of v and 320.
64
Suppose q - 232 = -2*q + 2*c, 3*q = 5*c + 238. Let s = 459638 + -459467. Calculate the highest common factor of q and s.
19
Let h = -7748 - -7780. Calculate the greatest common divisor of h and 126.
2
Let i = 2205 + -2184. Suppose -227 = -4*o - 31. What is the greatest common factor of i and o?
7
Let c = 31923 + -31915. Let m be 1/((-2)/(-492)) + 2. Calculate the highest common factor of c and m.
8
Let j = 97 - 89. Let c be (-7)/28 - (-34)/j. Suppose c*y = -4*b + 72, -4*y + 3*b + 0*b + 107 = 0. Calculate the highest common divisor of y and 1.
1
Let l(f) = -21*f + 58. Let j be l(2). Suppose 0 = -j*a - 5*a + 483. Calculate the highest common factor of a and 575.
23
Suppose -5*l - i + 30912 - 1501 = 0, -5*l + 3*i = -29427. Calculate the greatest common divisor of 159 and l.
159
Let x(u) = 48*u - 7. Let j be x(-8). Let b = 255 + j. Let w = b + 226. What is the greatest common factor of 10 and w?
10
Suppose 38*s = 33*s + 3*o - 288, 0 = -2*s - 4*o - 110. Let k = 58 + s. What is the highest common divisor of 1 and k?
1
Let n(w) = -7*w + 1. Let f be n(-3). Suppose 25*l - 1484 = -109. Calculate the highest common divisor of l and f.
11
Let u(z) = 6*z - 7. Let j be u(7). Let x = 602 - 567. What is the greatest common factor of j and x?
35
Let c = -14695 - -18935. What is the greatest common divisor of c and 320?
80
Let i(o) = o**3 - 18*o**2 + 19*o - 106. Let z be i(19). What is the greatest common divisor of 440 and z?
88
Suppose 51*b + 13 = 3*f + 47*b, 0 = -f - b + 2. Suppose -4*a - 232 = -4*p, -f*p - 24*a + 154 = -22*a. What is the greatest common factor of p and 90?
18
Suppose 0 = -n + 4, 4*n - 360 = -2*a - 116. What is the highest common divisor of 360 and a?
6
Let k = -61 + 61. Suppose 8*z - 6*z + 346 = k. Let m = -69 - z. Calculate the greatest common divisor of m and 26.
26
Let v(s) = -7*s + 11. Let n be v(12). Let m = n - -73. Let j be 6/(-33) - (m - 68/11). What is the greatest common factor of j and 102?
6
Suppose 65423 = 196*p - 43357. What is the greatest common divisor of 37 and p?
37
Let x = 18 - 18. Let z be 0 + (0 - x - -45). Calculate the highest common divisor of z and 9.
9
Let n(m) = 11*m - 6*m - 4*m + 4 + 21. Let c be n(2). Calculate the greatest common divisor of 351 and c.
27
Suppose 14910 + 11010 = -38*o + 118*o. What is the greatest common divisor of o and 2304?
36
Let i = 23 - -4. Let g = 138 - i. Let c be 4 + -2 - (-144)/2. Calculate the greatest common divisor of c and g.
37
Suppose 0*i + i - 270 = -4*y, y = 3*i + 74. Let m = -143140 + 143174. Calculate the highest common divisor of y and m.
34
Let g be ((-6900)/(-8))/(8/((-2016)/(-27))). Calculate the greatest